pose 23*o + 205 = -18*o. Let a(h) = h**2 - 4*h + 4. Let f be a(4). Let b(s) = 4*s - 5*s - f - s. Determine b(o).
6
Suppose 21*q - 26 + 5 = 0. Let c(a) be the first derivative of a**3/3 - a**2 + a - 2. Determine c(q).
0
Suppose 14 = 2*z - 10. Suppose 2*r - z = 4*r. Let v(i) = 5 - 4 + 3*i - 2*i. Calculate v(r).
-5
Let i(q) = -37*q - 6. Let h(y) = 62*y + 11. Let f(w) = -3*h(w) - 5*i(w). Give f(1).
-4
Let z(l) = 3*l**2 - 19*l + 1. Let r be 76/14 - 20/(-70)*2. What is z(r)?
-5
Let l = -198 + 198. Let x(u) = u**2 + u - 1. Determine x(l).
-1
Let n(i) = i**3 - 3*i**2 + 4. Let c be n(3). Let s = 165 - 131. Let p(a) = -s*a + 3 + 33*a + 1. Give p(c).
0
Let k(b) be the first derivative of -2*b**3/3 + b**2 - 4*b - 48. What is k(4)?
-28
Let h(p) = -4*p**3 - p - 1. Suppose -4*t - 28 = 4*u, -3*t - 39 = -2*u - u. Let m = t + 9. Determine h(m).
4
Let i(w) = w**3 - 10*w**2 + w - 14. Let q = -32 - -22. Let u be (-20)/(3/(15/q)). Calculate i(u).
-4
Suppose -2076*w + 88 = -2065*w. Let b(q) be the second derivative of -q**5/20 + 7*q**4/12 + 4*q**3/3 + q**2 - 3*q. Calculate b(w).
2
Let i(n) = n**2 + 6*n. Let k(m) = -11*m - 106. Let j be k(-9). Calculate i(j).
7
Let q(r) = -1 - 6 + 2*r + 3. Let n be q(3). Let f(j) = 1 - 4*j + 2*j + j + n*j. Calculate f(0).
1
Let t(h) be the third derivative of h**5/60 + h**4/6 - 9*h**3/2 + h**2 - 28. Let o be t(-8). Let r(v) = v**3 - 6*v**2 + 8*v - 6. Give r(o).
9
Suppose -1 - 8 = -c. Let b(g) = -3*g**2 - g**3 + 0 + 4*g - 1 - c*g + g. Determine b(-3).
11
Let h(q) = -6*q**3 - q**2 + 1. Let b(k) = 4*k**2 + 15*k + 16. Let d(t) = -11*t**2 - 44*t - 49. Let w(l) = 8*b(l) + 3*d(l). Let p be w(-10). What is h(p)?
-6
Let k = 2109 + -2108. Let v(y) = -2*y**2 + 3*y - 3. Determine v(k).
-2
Suppose -5*y = -3*y - 4. Let o(k) = k**y + 3*k - 2 - 4 + 3. Let f(u) = u**2 - 4*u - 1. Let s be f(3). Determine o(s).
1
Let n(u) be the second derivative of -u**6/360 - u**4/24 + 2*u**3 - 15*u. Let q(v) be the second derivative of n(v). Calculate q(-2).
-5
Let k(i) = 2*i. Suppose 2*q = -0 + 4. Let z = q + 4. What is k(z)?
12
Let w(r) = -r**2 + 8*r - 7. Suppose 6*k - k + 4*i - 36 = 0, 24 = k + 5*i. Suppose p = -u + 2, -k*p - 6*u + 3*u = -11. What is w(p)?
8
Let r be 3 + (-44)/(-374) + (-155)/17. Let u(c) = -c**2 - 1 + 0*c - 8 - 7*c. Let b be u(r). Let t(j) = -j**2 - 5*j + 3. What is t(b)?
9
Let k(u) = -12*u + 1. Let j(z) = -87*z + 6. Let o(d) = -2*j(d) + 15*k(d). Let s be ((-11)/(-33))/(2/24). Calculate o(s).
-21
Let l(w) be the first derivative of 2*w - 41 + 2/3*w**3 + 0*w**2. Determine l(-2).
10
Let a be (2/(-8)*-1)/(4/16). Suppose -5*n = -6 + a. Let k(l) be the third derivative of -11*l**4/24 + l**3/6 - l**2. Determine k(n).
-10
Let r(u) = u**3 - 8*u**2 - 2*u - 5. Suppose -8*x + 4*x + 52 = -5*i, x - i = 12. Calculate r(x).
-21
Let s(h) be the first derivative of 2*h**3/3 + 11. Suppose -d + 8 - 2 = 0. Let q = d + -5. What is s(q)?
2
Suppose -5*a + 14 = 44. Let b(l) = -2*l - 2. Let v be b(a). Let g = -8 + v. Let y(z) = -4*z + 3. Give y(g).
-5
Let w be (2 - 0)/(14/7). Let c be w/9 - (-534)/54. Suppose -u - c = -3*v, 5*v - u - 26 = -6. Let x(k) = -2*k + 6. Calculate x(v).
-4
Suppose 5*j = -0*j - 5*i + 55, 0 = 4*j + 2*i - 36. Let s(x) = 17*x - 228. Let l(d) = -9*d + 125. Let a(v) = -11*l(v) - 6*s(v). Give a(j).
-28
Let s(g) = 3*g + 2. Let m(y) = 7*y + 3. Let d(j) = 2*m(j) - 5*s(j). Suppose 0*u + b - 97 = -3*u, -5*u + 155 = -5*b. Let n = u + -37. Give d(n).
1
Let x(w) = 0*w - 9*w**2 + 7*w + 8 + 10*w**2 + 0*w. Calculate x(-5).
-2
Let o(z) = 2*z**3 - 4 - 48*z**2 + 14*z**2 + 18*z**2 + 14*z**2 + 2*z. Determine o(2).
8
Let d(u) = -u + 4. Suppose -75 = -5*q - w + 4*w, -5*q + 100 = 2*w. Let v be (-3)/q + (-6)/(-36) - -3. What is d(v)?
1
Let j(c) = -8*c + 14. Suppose -17 = 5*k + 8. Let p(s) = 3*s - 5. Let b(w) = k*j(w) - 14*p(w). Determine b(-3).
6
Let j(q) be the third derivative of -q**5/60 + q**4/24 + 44*q**2. Give j(2).
-2
Suppose p + 0*c = -5*c + 32, -10 = -2*c. Let w(i) = -p*i + 2 - 4*i + 20*i - 6*i. Determine w(-2).
-4
Let z(d) be the third derivative of d**4/24 + 8*d**3/3 - 71*d**2 + d. Determine z(-21).
-5
Let x(k) be the first derivative of k**2 - 2*k - 228. Determine x(-6).
-14
Let y(d) be the second derivative of 0 - 11*d + 3*d**2 - 1/20*d**5 + 1/12*d**4 - 1/6*d**3. Let t be 1 + 2*2/(-4). Calculate y(t).
6
Let q(m) = m**2 + 4*m + 5. Let z(h) = h**3 - 15*h**2 - 5*h - 20. Let s be z(16). Let n be 16/(-56) - s/(-7). Let g = -26 + n. Give q(g).
5
Let f(w) = -6*w + 11. Let o(h) = 13*h - 20. Let i(d) = 7*f(d) + 4*o(d). What is i(3)?
27
Let c(r) = 2*r + 17 - 43 + 12 + 14. Give c(-5).
-10
Let k(m) be the third derivative of -m**6/60 + m**5/30 + 5*m**4/24 - 2*m**3/3 - 2*m**2 + 29*m. Give k(3).
-25
Let j(q) = q**3 + 5*q**2 - 4*q + 8. Suppose z - 23 = 4*i + 2*z, 0 = 3*i + 3*z + 15. Let s be j(i). Let u(p) = -p**2 - 3*p. What is u(s)?
-4
Let b be ((-4)/2 - -1)*0. Let d(h) = -2*h + b*h**2 + 1 - 39*h**3 + 38*h**3 - 5*h**2 + 1. Determine d(-4).
-6
Let b(y) = 21*y + 26. Let a(q) = 25*q + 25. Let k(n) = -5*a(n) + 6*b(n). Determine k(-13).
18
Let r(k) be the third derivative of 1/60*k**5 + k**2 + 0*k + 0 - 1/6*k**3 + 1/24*k**4. Let y = 2018 - 2021. What is r(y)?
5
Let u(k) = k**3 + 19*k**2 + 17*k + 13. Let n be u(-16). Let f(j) = 3 - n*j + 1 + 506*j. Determine f(3).
-5
Let n(r) = -9*r**2 + 22*r + 6. Let p(m) = 13*m**2 - 33*m - 7. Let j(x) = -7*n(x) - 5*p(x). Calculate j(6).
-13
Suppose -3*a - 3 = 0, 3*p + 2*a = 2*p + 7. Let h(w) = w - 1 - 12 - 1 + 0. Give h(p).
-5
Suppose -v - 7*l + 3*l + 64 = 0, 0 = -2*v - 5*l + 140. Let q = v + -81. Let t(i) = -3*i + 5*i + 1 - i**2 + i**3 + 2*i**2. What is t(q)?
-1
Suppose -p = -8*p. Suppose 1 + 14 = -3*u, p = -3*n - u - 2. Let f(x) = -x**2. What is f(n)?
-1
Let i(f) = f**3 + f**2 - 1. Suppose -4 = -16*y + 12. Calculate i(y).
1
Let p(w) = -4*w - 2*w + 2*w - 3*w**2 + 4193 - 4189 + 4*w**2. What is p(-4)?
36
Let n be 5/(-2)*(-12)/10. Suppose 4*h = -2*j, -3*j - 15 = j + n*h. Let m(v) = -v - 6. What is m(j)?
0
Let d(g) = -7*g - 22. Let w(k) = 4*k + 12. Let n(h) = -3*d(h) - 5*w(h). Determine n(10).
16
Let t(n) be the second derivative of n**6/360 + n**5/120 - 2*n**3 + n. Let y(h) be the second derivative of t(h). What is y(1)?
2
Let d be (-1 - 33)/(-3 + 1). Suppose d*s - 19*s + 2 = 0. Let p(y) = 5*y**2 - y. Determine p(s).
4
Let y(s) = s**2 - s - 7. Let q be (-71 + 71)*1/(-2). Give y(q).
-7
Let f = -225 + 222. Let k(m) = 2*m**2 + 2*m + 1. Determine k(f).
13
Let i(u) = 0*u**2 - 6*u + 723 - u**2 - 709. Determine i(-7).
7
Let n(t) = t**2 + 9*t + 14. Let a be ((-6)/(-8))/((-525)/(-400))*-7. Calculate n(a).
-6
Suppose -j + 5*j - 4 = p, -4*p + 8 = -4*j. Let k(q) be the third derivative of 1/12*q**5 - 1/12*q**4 - 3*q**2 - 1/2*q**3 + 0 - 1/120*q**6 + 0*q. Determine k(p).
5
Let m = -11 + 7. Let f be ((-16)/(-6))/m*-3. Let y(b) be the first derivative of -2*b**3/3 - b**2/2 + 2*b - 133. Determine y(f).
-8
Let m(y) = -y**2 + y + 4. Let u = 258 + -258. Calculate m(u).
4
Let f(z) = 97 - 96 - 5*z - 4*z**2 + z**3 + 5*z**2 + 6*z**2. Give f(-8).
-23
Let j(z) = -z**2 + 6*z - 1. Let y(o) = o**3 + 4*o**2 - 2*o + 22. Let q be y(-5). Calculate j(q).
-8
Suppose 2*p + 5*f = 18, 3*f + 20 = -4*p + 7*f. Let s(h) be the second derivative of h**5/5 - h**3/3 - h**2/2 - 2*h - 2. Calculate s(p).
-3
Let q = 5 + -7. Let o be 12 - -4*(q - -1). Let f(d) = d**3 - 9*d**2 + 7*d + 6. Give f(o).
-2
Suppose -11*c = 9*c - 40. Let y(m) be the first derivative of 1/2*m**c + m + 5 + 1/4*m**4 + 1/3*m**3. What is y(-2)?
-5
Let h(b) be the second derivative of b**3/2 - b**2 - 15*b. Let r(g) = 2*g - 1. Let c(d) = 3*h(d) - 6*r(d). Calculate c(-1).
3
Let i be (6/10)/((-1)/(-5)). Let o(r) = -5*r**2 - 1 + r**2 + 5*r - 3*r - i*r**2. Calculate o(1).
-6
Let c(l) = 16*l + 335. Let k be c(-21). Let v(u) = -4*u**2 - 2*u - 1. What is v(k)?
-3
Let b(p) = 6*p**3 + 3*p**2 + 3*p + 1. Suppose 0 = 3*c - 0 - 3. Let w(k) = k**3 + k. Let q(f) = c*b(f) - 5*w(f). Calculate q(-4).
-7
Suppose -259*p + 264*p = 5. Let j(l) = -24*l. Determine j(p).
-24
Suppose y - 3 - 1 = 0. Let g(v) = 32815 + v + 5*v - 32816 - v**2. What is g(y)?
7
Let x(r) = r**3 - r - 4. Suppose -3*j + 70 = 5*k, j - 2*j - 6 = -k. Let y = 11 - k. Determine x(y).
-4
Let v(x) = 14*x**2 + 15*x - 7. Let q(z) = -3*z**2 - 3*z + 1. Let f(n) = -5*q(n) - v(n). 